rime factors of n?
337
Let n(s) = 1536*s**2 + 454*s + 1822. What are the prime factors of n(-4)?
2, 3, 17, 241
Let i(k) = -k**3 - 4*k**2 + 2*k + 18. Let m be i(-3). Suppose -m*t - 2 = 3*h - 197, -h + 56 = 4*t. What are the prime factors of h?
2, 17
Let y = -49 + 163. Suppose 2*d + j - 165 = 0, 378 - 113 = 3*d + 4*j. Suppose 5*v = -d + y. What are the prime factors of v?
7
Let a(s) = 4*s**3 - 18*s**2 - 12*s + 52. What are the prime factors of a(19)?
2, 7, 1483
Let m be ((-32)/(-24))/(2/3). Suppose m*n - 5*l - 9 = 0, 4*n - n - 8 = 2*l. Suppose 573 = n*i + 35. What are the prime factors of i?
269
Let q(o) be the first derivative of -o**2/2 + 25*o + 10. Let w be q(21). Suppose -w*l + 327 = j, -27 - 48 = -l + 2*j. List the prime factors of l.
3
Let u = -58 + -8. Let l = u + 97. List the prime factors of l.
31
List the prime factors of ((-5)/(105/(-868)))/(10/2685) + 6.
2, 347
Suppose -20 = -3*z - 14. Suppose -126 = -z*l + 4*r, -l - 5*r = -75 + 12. List the prime factors of 12 + l + 1*-3.
2, 3
Let u be (-2)/10 + ((-31)/(-5) - 1). Suppose -m + 5*j - 23 = 0, m + 3*m = u*j - 32. List the prime factors of (m + (0 - -2) + 104)*1.
103
Let c = -40 - -35. Let r be (-2387)/(-33)*(0 - c - 2). Suppose -t + r = 4*h + 2*t, h = t + 56. What are the prime factors of h?
5, 11
Let x = -202 - -2753. Let j = x - 925. What are the prime factors of j?
2, 3, 271
What are the prime factors of (3327*1)/(468/3120)?
2, 5, 1109
Suppose -27841 = -8*m + 2*d + 63609, 0 = 4*m - 2*d - 45718. What are the prime factors of m?
3, 37, 103
Let b = -785 - -8859. What are the prime factors of b?
2, 11, 367
Let u = 296 + -288. Let w(y) = 22*y + 77. What are the prime factors of w(u)?
11, 23
Let n = 246 + -176. Suppose -7*z + n = -2*z. Suppose 6*b - 7*b + z = 0. What are the prime factors of b?
2, 7
Suppose -440*n + 364257 = -359*n. What are the prime factors of n?
3, 1499
Let h = 175 - 170. Suppose 522 = h*i + 157. List the prime factors of i.
73
Let i be (-1 + 461)*13/(455/126). Suppose -3*n = -5*x + i, x - 213 - 123 = -n. What are the prime factors of x?
3, 37
List the prime factors of (-188)/(-10) + 1/5.
19
Let z = -6972 - -18184. List the prime factors of z.
2, 2803
Let s = -3050 + 4278. List the prime factors of s.
2, 307
Suppose 4*z + 804 = -2*f, -1170 = f + 2*f - 3*z. Let d = f + 620. List the prime factors of d/4 - 12/(-24).
3, 19
Let w(a) = -3*a - 2*a**2 + 8*a**3 + 10 - 25*a + 23*a. What are the prime factors of w(3)?
193
Let o(s) = -s**3 + 62*s**2 + 18*s - 483. List the prime factors of o(56).
3, 7, 307
Let x(u) = 8*u**2 + 5*u**2 + 137*u - 14*u**2 + 3 - 122*u. What are the prime factors of x(14)?
17
Let l(c) = -130*c**3 - 5*c**2 + 85*c + 505. List the prime factors of l(-5).
5, 7, 463
Let g(s) = 66*s**2 + 62*s + 1512. What are the prime factors of g(-26)?
2, 31, 359
Let f(m) = 2*m + 25. Let u be f(-9). Let n(t) = 22*t**2 + 5*t - 98. What are the prime factors of n(u)?
5, 7, 29
Suppose -1334*c + 1333*c + 20867 = 2*d, -83472 = -4*c - 4*d. List the prime factors of c.
41, 509
Let h be (2/4)/((3 + 0)/24). Suppose -4*i + 23 = -s - 46, -i = -h*s - 261. Let u = s - -87. List the prime factors of u.
2, 11
What are the prime factors of 40265 - -4 - 16/(160/(-70))?
2, 10069
Suppose -351920 + 35575 = -151*v. What are the prime factors of v?
5, 419
Let r(g) = g**3 - g - 1. Let k(v) = -2*v**3 - 2*v**2 + 2*v - 736. Let s(w) = -k(w) - 4*r(w). List the prime factors of s(0).
2, 5, 37
Let p(n) = n - 2. Let g(a) = 3. Let w(q) = -3*g(q) - p(q). Let r(x) = x**3 - x - 17. Let c be r(0). What are the prime factors of w(c)?
2, 5
Let n = -8992 + 36810. List the prime factors of n.
2, 7, 1987
Let l = -11359 + 30543. List the prime factors of l.
2, 11, 109
Let x be ((-30)/(-4) + 0)*(-30 - -36). Let w = x + -45. Suppose -8*c + 5*c + 726 = w. List the prime factors of c.
2, 11
Let q(f) = 2*f**3 - 10*f**2 - 19*f - 1. Let j be q(-2). Suppose 3*k = -k + 384. Let t = j + k. List the prime factors of t.
7, 11
Let m(l) = -l**2 - l - 3. Let n be m(-2). Let w be (-10)/n*-1 - -3. List the prime factors of -2 + w/((-3)/261*-1).
5, 17
What are the prime factors of (-2)/((-6)/59307) + 13?
2, 3, 7, 157
Let s(k) = -112*k + 10. Let x be s(6). Let m = -312 - x. List the prime factors of m.
2, 5, 7
Suppose 0 = 3*g + 3*r - 0*r - 24, -g + 3*r - 12 = 0. Suppose -f + 925 = g*f - 5*a, 0 = -3*f + a + 702. List the prime factors of ((-12)/(-15))/(1/f).
2, 47
Suppose -34*c + 3*w = -29*c - 41494, 41508 = 5*c + 4*w. List the prime factors of c.
2, 5, 83
Suppose 8*o - 63*o + 96855 = 0. What are the prime factors of (o - (7 + -16)) + -9?
3, 587
Let j = 2032 - 2029. Let s be (1 + -2)/(2/(-10)). Suppose -j*m + 1088 = s*m. List the prime factors of m.
2, 17
Suppose 5*v = -5*x - 10, 2*v + 3 + 1 = -x. Let p be 45/((-3)/(-20) + x). Let o = p + -113. List the prime factors of o.
11, 17
Suppose 2*i + 5*s = 8144 + 195, i - 4171 = -3*s. Let v = -2363 + i. What are the prime factors of v?
7, 257
Let b(o) = -4*o**3 - 60*o**2 - 86*o + 3. What are the prime factors of b(-20)?
3, 7, 463
Suppose -32*x + 82 = 9*x. Suppose -5*n + x*u = -7*n + 14, -29 = -3*n + 5*u. What are the prime factors of n?
2
Suppose 2*f - 5*s - 4 = 0, 0 = -3*s + 8*s. What are the prime factors of (f/3)/(((-28)/(-5592))/7)?
2, 233
Let w(a) = 8*a + 5. Suppose 0 = -5*z + 2*z + 36. List the prime factors of w(z).
101
Suppose -2*z + 5*h + 8170 = 0, 15 = -4*h + 23. List the prime factors of z.
2, 5, 409
Let q = 8987 + -4782. List the prime factors of q.
5, 29
Let h be 2/7 - (-75)/105. What are the prime factors of h/(-6*4/(-2064))?
2, 43
Let s(o) = 111*o**2 - 3*o + 2. Let j be s(-3). Let h = j + -715. List the prime factors of h.
5, 59
Suppose -7*l + 19*l = 24510 + 101634. What are the prime factors of l?
2, 3, 73
Suppose 2*y - 4 = 6*y. Let j(x) = -15*x + 5. Let b be j(y). Suppose 182 = 2*w + b. List the prime factors of w.
3
Let o = -253 + 237. What are the prime factors of (-13 - o)*1*174?
2, 3, 29
Let x be (1*(-24)/20)/((-21)/35). Suppose -4*n = x*i - 1592, -4*i - 86*n + 84*n + 3196 = 0. What are the prime factors of i?
2, 5
Let k(c) = 96*c + 113 - 157 + 24*c. What are the prime factors of k(8)?
2, 229
Let d be 11 - 6 - 2 - -1. What are the prime factors of d + 340 + (19 + -3)/4?
2, 3, 29
Suppose -2*m = -i - 10, 5*i + 28 = 2*m + 2. Suppose -4*o = 20, 51 = -m*n - 3*o - 27. What are the prime factors of (n/12)/(2/(-8))?
7
What are the prime factors of (-13 - (1 + 531))/(-1)?
5, 109
Suppose 14 = 7*g - 0*g. Suppose -1055 = -5*y + v + 91, -g*y - v + 464 = 0. What are the prime factors of y?
2, 5, 23
Suppose 1 = -5*i + 4*y - 174, -5*y - 35 = i. Let v = 21 + i. List the prime factors of 7*(648/v)/(-3).
2, 3
Suppose 235*p - 1397118 + 47107 = 784494. List the prime factors of p.
31, 293
Let s = -91 + 6. Let c = s - -145. List the prime factors of 8/c*5 + (-448)/(-3).
2, 3, 5
Let o(t) = 1201*t + 5. Suppose 16*b + 8 - 24 = 0. List the prime factors of o(b).
2, 3, 67
Suppose -962 = 6*f + 31*f. List the prime factors of (-1983)/(-6) + (-65)/f.
3, 37
Let x(u) = -9*u - 182. Let g be x(-25). Suppose g*p - 812 = 36*p. List the prime factors of p.
2, 29
Let g = 334 + -213. Suppose 91 = -5*f + g. Suppose -5*l = -3*o + 324, 3*o = f*o - 3*l - 324. What are the prime factors of o?
2, 3
Let c = -10036 - -23890. List the prime factors of c.
2, 3, 2309
Let l be (712/2)/(-2*1). Let p = -28 - l. What are the prime factors of p?
2, 3, 5
Let v(n) = -6454*n**3 + 5*n**2 + 28*n + 22. List the prime factors of v(-1).
3, 239
Suppose -28*i = -27*i - 5*x - 202, 0 = -4*i + 2*x + 790. Suppose -183 = -o + 4*b + i, o - 355 = -b. What are the prime factors of o?
2, 3, 5
Suppose -b - 166700 = -4*u, -50*u = -47*u + 4*b - 125063. What are the prime factors of u?
71, 587
Let y(o) = -16666*o**3 + 38*o**2 + 34*o - 3. What are the prime factors of y(-1)?
7, 2381
Let z be ((-3)/(-12))/(1/12). Let u be -3 - (-1)/(-3)*z. Let r = u - -55. What are the prime factors of r?
3, 17
Suppose -4*s + 3 = -3*t, -3*s + 6*s = 5*t + 5. Suppose -6*q + 24 = -s*q. Suppose -93 - 47 = -q*l. What are the prime factors of l?
5, 7
Suppose r = 5*r - 18*m - 10142, -5*r = 5*m - 12815. List the prime factors of r.
2, 1279
Let z = 31 + -45. What are the prime factors of 1355/2 + 21/z?
2, 13
Let t(u) = -51*u**3 - 10*u**2 - 6*u + 34. List the prime factor